re the prime factors of 319869279?
3, 263, 337, 401
List the prime factors of 3863660.
2, 5, 193183
What are the prime factors of 14461059?
3, 331, 14563
List the prime factors of 788732129.
41, 79, 101, 2411
List the prime factors of 690577533.
3, 47, 1632571
What are the prime factors of 6302641290?
2, 3, 5, 11, 1361, 14033
List the prime factors of 611856107.
19, 32202953
What are the prime factors of 1757193098?
2, 1031, 852179
List the prime factors of 163594987.
163594987
What are the prime factors of 1318725311?
191, 6904321
List the prime factors of 246011092.
2, 61502773
List the prime factors of 566012094.
2, 3, 449, 210101
List the prime factors of 2246079497.
9781, 229637
What are the prime factors of 41774615?
5, 73, 114451
List the prime factors of 253439781.
3, 7, 12068561
What are the prime factors of 1321512151?
1321512151
What are the prime factors of 170530663?
170530663
What are the prime factors of 606472667?
307, 1975481
List the prime factors of 366251913.
3, 1259, 32323
List the prime factors of 389137110.
2, 3, 5, 31, 418427
What are the prime factors of 5822972406?
2, 3, 601, 538267
List the prime factors of 4105430049.
3, 7, 195496669
List the prime factors of 25900092.
2, 3, 719447
What are the prime factors of 72675034?
2, 17, 61, 67, 523
List the prime factors of 499154694.
2, 3, 23, 3617063
What are the prime factors of 479953154?
2, 257, 933761
List the prime factors of 15646091.
1699, 9209
List the prime factors of 36079432.
2, 53, 85093
List the prime factors of 114297258.
2, 3, 23, 41, 20201
What are the prime factors of 292587162?
2, 3, 7, 6966361
List the prime factors of 894755659.
7, 79, 1618003
What are the prime factors of 3768534632?
2, 19, 113, 219407
What are the prime factors of 966588939?
3, 107398771
What are the prime factors of 822202973?
9439, 87107
List the prime factors of 1857469584.
2, 3, 2459, 15737
List the prime factors of 3554998293.
3, 7, 11, 307, 50129
List the prime factors of 43973800.
2, 5, 13, 1301
What are the prime factors of 218233035?
3, 5, 59, 9133
What are the prime factors of 3480010213?
193, 18031141
What are the prime factors of 330166200?
2, 3, 5, 7, 13, 6047
What are the prime factors of 45616935?
3, 5, 7, 13, 23, 1453
What are the prime factors of 30834608?
2, 7, 275309
What are the prime factors of 48639483?
3, 263, 20549
List the prime factors of 1169994203.
7, 113, 1479133
List the prime factors of 256173130.
2, 5, 1291, 19843
What are the prime factors of 338855218?
2, 13, 89, 146437
What are the prime factors of 43385043?
3, 13, 337, 3301
List the prime factors of 13526732.
2, 3381683
List the prime factors of 1526851937.
13, 117450149
List the prime factors of 35991841.
35991841
List the prime factors of 837050996.
2, 73, 2866613
What are the prime factors of 247482?
2, 3, 4583
What are the prime factors of 1286738296?
2, 17, 73, 129607
List the prime factors of 293356080.
2, 3, 5, 17, 2663
List the prime factors of 846957115.
5, 169391423
What are the prime factors of 1056530369?
23, 307, 149629
What are the prime factors of 53684074?
2, 26842037
List the prime factors of 1266862884.
2, 3, 7, 61, 247241
What are the prime factors of 46958865?
3, 5, 613, 5107
What are the prime factors of 337333256?
2, 13, 3243589
List the prime factors of 10954558.
2, 5477279
What are the prime factors of 916138?
2, 458069
List the prime factors of 39909952.
2, 71, 8783
List the prime factors of 309968047.
309968047
List the prime factors of 216772495.
5, 43354499
What are the prime factors of 77004306?
2, 3, 67, 953
List the prime factors of 983588828.
2, 245897207
What are the prime factors of 1379323423?
1379323423
List the prime factors of 20061212.
2, 1559, 3217
List the prime factors of 324019512.
2, 3, 4500271
What are the prime factors of 1505592978?
2, 3, 613, 409351
List the prime factors of 43611918.
2, 3, 7, 179, 5801
List the prime factors of 70851442.
2, 35425721
List the prime factors of 861660423.
3, 13, 818291
List the prime factors of 257198798.
2, 97, 109, 12163
List the prime factors of 829297889.
7, 151, 784577
What are the prime factors of 244157383?
17, 14362199
List the prime factors of 91656542.
2, 3001, 15271
What are the prime factors of 4530715041?
3, 131, 11528537
What are the prime factors of 85157330?
2, 5, 269, 31657
What are the prime factors of 51110934?
2, 3, 7, 29, 1447
List the prime factors of 3792339813.
3, 41, 3467, 8893
List the prime factors of 28153823.
28153823
What are the prime factors of 60807042?
2, 3, 157, 21517
What are the prime factors of 225264179?
7, 1657, 19421
What are the prime factors of 27108707?
29, 47, 19889
What are the prime factors of 180375930?
2, 3, 5, 7, 19, 5023
What are the prime factors of 584892518?
2, 7, 852613
What are the prime factors of 50563583?
7, 7223369
List the prime factors of 102057746.
2, 7, 211, 34549
List the prime factors of 11120837.
7, 13, 122207
What are the prime factors of 807886074?
2, 3, 61, 79, 27941
What are the prime factors of 262924423?
31, 89, 233, 409
List the prime factors of 55792675.
5, 2231707
List the prime factors of 118024962.
2, 3, 11, 1788257
List the prime factors of 39187927.
39187927
List the prime factors of 170793824.
2, 5337307
What are the prime factors of 86827944?
2, 3, 7, 23, 977
What are the prime factors of 18828390?
2, 3, 5, 7, 89659
What are the prime factors of 512794401?
3, 7, 19, 1285199
List the prime factors of 1342665.
3, 5, 29837
List the prime factors of 640286538.
2, 3, 17, 6277319
List the prime factors of 80661589.
3389, 23801
List the prime factors of 3049733319.
3, 1016577773
What are the prime factors of 2130239386?
2, 11, 89, 1087967
List the prime factors of 4081615.
5, 17, 31, 1549
List the prime factors of 68360509.
7, 2897, 3371
What are the prime factors of 232950915?
3, 5, 17, 304511
What are the prime factors of 743420196?
2, 3, 101, 204461
List the prime factors of 129037858.
2, 373, 172973
What are the prime factors of 318788012?
2, 17, 71, 66029
List the prime factors of 155438057.
29, 67, 79999
List the prime factors of 622303321.
622303321
List the prime factors of 46042499.
139, 331241
List the prime factors of 181737653.
181737653
List the prime factors of 767157740.
2, 5, 1549, 24763
What are the prime factors of 57784570?
2, 5, 241, 23977
List the prime factors of 540774992.
2, 601, 56237
What are the prime factors of 342609975?
3, 5, 1522711
List the prime factors of 105783940.
2, 5, 5289197
What are the prime factors of 59365809?
3, 277, 23813
List the prime factors of 84292551.
3, 7, 1337977
List the prime factors of 337422021.
3, 112474007
What are the prime factors of 113890143?
3, 281, 135101
List the prime factors of 432098540.
2, 5, 157, 241, 571
List the prime factors of 105153199.
563, 186773
What are the prime factors of 535583?
41, 13063
List the prime factors of 10928857.
19, 575203
What are the prime factors of 5566150226?
2, 7, 13, 30583243
What are the prime factors of 197988975?
3, 5, 137, 2141
What are the prime factors of 215568434?
2, 107784217
List the prime factors of 261439613.
43, 6079991
What are the prime factors of 320109372?
2, 3, 11, 43, 1709
List the prime factors of 104469752.
2, 19, 31, 22171
List the prime factors of 815056565.
5, 97, 1680529
List the prime factors of 882226007.
13, 83, 9851
What are the prime factors of 400449431?
400449431
List the prime factors of 138489742.
2, 37, 53, 35311
What are the prime factors of 29931588?
2, 3, 831433
What are the prime factors of 91396775?
5, 809, 4519
What are the prime factors of 272162877?
3, 7, 17, 179, 4259
What are the prime factors of 90971455?
5, 18194291
List the prime factors of 493613498.
2, 7, 35258107
List the prime factors of 553008480.
2, 3, 5, 739, 1559
What are the prime factors of 1686533201?
2297, 734233
What are the prime factors of 414908424?
2, 3, 7, 823231
What are the prime factors of 1664313080?
2, 5, 131, 317617
What are the prime factors of 261273524?
2, 283, 230807
List the prime factors of 366180691.
366180691
What are the prime factors of 107970760?
2, 5, 2699269
What are the prime factors of 3230186042?
2, 593, 1409, 1933
List the prime factors of 58384946.
2, 29, 1006637
List the prime factors of 1290649902.
2, 